{"id":1421,"date":"2025-03-18T20:56:02","date_gmt":"2025-03-19T02:56:02","guid":{"rendered":"https:\/\/monitorvecinal.org\/?page_id=1421"},"modified":"2025-03-18T20:56:03","modified_gmt":"2025-03-19T02:56:03","slug":"nuestra-historia","status":"publish","type":"page","link":"https:\/\/monitorvecinal.org\/index.php\/nuestra-historia\/","title":{"rendered":"Nuestra historia"},"content":{"rendered":"\n<p>Monitor Vecinal Zibat\u00e1 remonta sus or\u00edgenes al a\u00f1o 2019, a partir de dos circunstancias: 1) la aparici\u00f3n de los primeros actos delictivos en nuestra colonia, que motiv\u00f3 a los representantes y presidentes de privadas a organizarse, y 2) el incumplimiento de la Asociaci\u00f3n de Colonos Zibat\u00e1 para con la tarea dictada por su acta constitutiva, en relaci\u00f3n a reconocer a los residentes propietarios como Asociados, con derecho a la celebraci\u00f3n de asambleas en las que, no s\u00f3lo se les rindiera informe de actividades y resultados, sino en las que tambi\u00e9n se les diera voz y voto para las decisiones de administraci\u00f3n y mantenimiento del fraccionamiento. Esta segunda circunstancia, acusaba claramente un conflicto de inter\u00e9s de parte de la AC, pues la necesidad de defender los intereses de socios de negocio y clientes propietarios de macrolotes (desarrolladores inmobiliarios), nos dejaba en desventaja e indefensi\u00f3n a los residentes de vivienda unifamiliar, afectados por dichas entidades.<\/p>\n\n\n\n<p>Ante tales circunstancias, los presidentes y representantes de privadas en turno, decidieron organizarse bajo la figura de Red Ciudadana, integr\u00e1ndose al programa de la Secretar\u00eda de Seguridad municipal \u201cEl Marqu\u00e9s Seguro\u201d; y, toda vez que el marco legal de Seguridad P\u00fablica Federal, Estatal y Municipal lo permiten, extendieron el alcance del colectivo vecinal m\u00e1s all\u00e1 de la procuraci\u00f3n de seguridad, para pronunciarse en defensa de los intereses comunitarios sobre temas que afectan la plusval\u00eda y la calidad de vida de los habitantes.<\/p>\n\n\n\n<p>Bajo el nombre de Red Ciudadana de la Colonia Zibat\u00e1, la primera generaci\u00f3n de nuestra organizaci\u00f3n se dio a la tarea de crear los fundamentos que, en el tiempo, dar\u00edan cohesi\u00f3n a las tareas que se realizar\u00edan. Rendimos honor a ella en nuestra secci\u00f3n &#8220;Galer\u00eda de Honor&#8221;, donde citamos los nombres de los residentes colaboradores, as\u00ed como sus logros.<\/p>\n\n\n\n<p>Tras los primeros dos a\u00f1os de trabajo, empez\u00f3 a conformarse la segunda generaci\u00f3n, cuyo trabajo tambi\u00e9n reconocemos en &#8220;Galer\u00eda de Honor&#8221;. Esta generaci\u00f3n empez\u00f3 a gestionar la intercomunicaci\u00f3n con autoridades municipales y el desarrollador Supraterra, para dar seguimiento a temas puntuales, a partir de pronunciamientos diversos. Esta generaci\u00f3n empez\u00f3 a difundir su labor, a trav\u00e9s de sesiones informativas y charlas vecinales en diferentes privadas, as\u00ed como su art\u00edculo &#8220;Hablemos con seriedad&#8221;, publicado peri\u00f3dicamente, para reflexi\u00f3n vecinal sobre temas de inter\u00e9s com\u00fan.<\/p>\n\n\n\n<p>Llegado el quinto a\u00f1o de trabajo, el crecimiento demogr\u00e1fico de Zibat\u00e1 empez\u00f3 a demandar mayor alcance informativo y nuevas formas de acercar a la gente entre s\u00ed. Es as\u00ed como surge la necesidad de constituirnos como organizaci\u00f3n de la sociedad civil, bajo el nombre de MONITOR VECINAL ZIBAT\u00c1, dando tambi\u00e9n cabida a la tercera generaci\u00f3n de residentes colaboradores.<\/p>\n","protected":false},"excerpt":{"rendered":"<p>Monitor Vecinal Zibat&aacute; remonta sus or&iacute;genes al a&ntilde;o 2019, a partir de dos circunstancias: 1) la aparici&oacute;n de los primeros actos delictivos en nuestra colonia, que motiv&oacute; a los representantes [&hellip;]<\/p>\n","protected":false},"author":8,"featured_media":0,"parent":0,"menu_order":0,"comment_status":"closed","ping_status":"closed","template":"","meta":{"saved_in_kubio":false,"footnotes":""},"class_list":["post-1421","page","type-page","status-publish","hentry"],"kubio_ai_page_context":{"short_desc":"","purpose":"general"},"_links":{"self":[{"href":"https:\/\/monitorvecinal.org\/index.php\/wp-json\/wp\/v2\/pages\/1421","targetHints":{"allow":["GET"]}}],"collection":[{"href":"https:\/\/monitorvecinal.org\/index.php\/wp-json\/wp\/v2\/pages"}],"about":[{"href":"https:\/\/monitorvecinal.org\/index.php\/wp-json\/wp\/v2\/types\/page"}],"author":[{"embeddable":true,"href":"https:\/\/monitorvecinal.org\/index.php\/wp-json\/wp\/v2\/users\/8"}],"replies":[{"embeddable":true,"href":"https:\/\/monitorvecinal.org\/index.php\/wp-json\/wp\/v2\/comments?post=1421"}],"version-history":[{"count":1,"href":"https:\/\/monitorvecinal.org\/index.php\/wp-json\/wp\/v2\/pages\/1421\/revisions"}],"predecessor-version":[{"id":1422,"href":"https:\/\/monitorvecinal.org\/index.php\/wp-json\/wp\/v2\/pages\/1421\/revisions\/1422"}],"wp:attachment":[{"href":"https:\/\/monitorvecinal.org\/index.php\/wp-json\/wp\/v2\/media?parent=1421"}],"curies":[{"name":"wp","href":"https:\/\/api.w.org\/{rel}","templated":true}]}}